t of 28116?
6
What is the hundreds digit of 7620?
6
What is the hundreds digit of 4470?
4
What is the tens digit of 1132?
3
What is the hundreds digit of 11098?
0
What is the hundreds digit of 627?
6
What is the tens digit of 830?
3
What is the units digit of 167505?
5
What is the thousands digit of 2770?
2
What is the units digit of 477?
7
What is the tens digit of 8527?
2
What is the thousands digit of 5431?
5
What is the units digit of 1441?
1
What is the hundreds digit of 11718?
7
What is the hundreds digit of 23106?
1
What is the thousands digit of 5788?
5
What is the units digit of 5070?
0
What is the tens digit of 748?
4
What is the units digit of 32?
2
What is the tens digit of 24414?
1
What is the thousands digit of 26425?
6
What is the hundreds digit of 28835?
8
What is the hundreds digit of 3609?
6
What is the thousands digit of 5107?
5
What is the tens digit of 14070?
7
What is the hundreds digit of 5015?
0
What is the hundreds digit of 2097?
0
What is the units digit of 620?
0
What is the thousands digit of 77576?
7
What is the hundreds digit of 5815?
8
What is the tens digit of 3804?
0
What is the tens digit of 15843?
4
What is the hundreds digit of 51801?
8
What is the tens digit of 7801?
0
What is the hundred thousands digit of 106581?
1
What is the hundreds digit of 57259?
2
What is the units digit of 9415?
5
What is the thousands digit of 3875?
3
What is the thousands digit of 2437?
2
What is the hundreds digit of 2947?
9
What is the units digit of 2056?
6
What is the tens digit of 10481?
8
What is the units digit of 7567?
7
What is the units digit of 787?
7
What is the units digit of 248?
8
What is the ten thousands digit of 57136?
5
What is the hundreds digit of 1607?
6
What is the hundreds digit of 65491?
4
What is the units digit of 14203?
3
What is the thousands digit of 78849?
8
What is the hundreds digit of 5371?
3
What is the units digit of 4374?
4
What is the hundreds digit of 1919?
9
What is the ten thousands digit of 16704?
1
What is the units digit of 6116?
6
What is the hundreds digit of 22503?
5
What is the units digit of 25680?
0
What is the units digit of 1461?
1
What is the hundreds digit of 259?
2
What is the hundreds digit of 599?
5
What is the units digit of 2412?
2
What is the thousands digit of 17188?
7
What is the tens digit of 1683?
8
What is the hundreds digit of 23189?
1
What is the tens digit of 4670?
7
What is the tens digit of 4863?
6
What is the tens digit of 37993?
9
What is the hundreds digit of 129?
1
What is the thousands digit of 146996?
6
What is the tens digit of 1494?
9
What is the hundreds digit of 1264?
2
What is the tens digit of 92565?
6
What is the hundreds digit of 12434?
4
What is the tens digit of 201?
0
What is the tens digit of 1504?
0
What is the hundreds digit of 14681?
6
What is the units digit of 3179?
9
What is the units digit of 2296?
6
What is the tens digit of 24159?
5
What is the units digit of 9787?
7
What is the units digit of 2835?
5
What is the tens digit of 304?
0
What is the ten thousands digit of 18767?
1
What is the ten thousands digit of 44706?
4
What is the units digit of 7466?
6
What is the hundreds digit of 5929?
9
What is the hundreds digit of 283?
2
What is the units digit of 17679?
9
What is the thousands digit of 7195?
7
What is the units digit of 2225?
5
What is the units digit of 738?
8
What is the units digit of 1955?
5
What is the units digit of 25879?
9
What is the tens digit of 65008?
0
What is the units digit of 39360?
0
What is the hundreds digit of 951?
9
What is the hundreds digit of 22464?
4
What is the units digit of 5495?
5
What is the units digit of 1644?
4
What is the hundreds digit of 3825?
8
What is the units digit of 468?
8
What is the units digit of 307?
7
What is the thousands digit of 3187?
3
What is the thousands digit of 1117?
1
What is the tens digit of 9066?
6
What is the hundreds digit of 3924?
9
What is the hundreds digit of 3122?
1
What is the units digit of 13669?
9
What is the units digit of 2754?
4
What is the thousands digit of 3277?
3
What is the units digit of 562?
2
What is the thousands digit of 6872?
6
What is the ten thousands digit of 11289?
1
What is the hundreds digit of 2706?
7
What is the units digit of 4921?
1
What is the units digit of 37221?
1
What is the thousands digit of 1333?
1
What is the tens digit of 945?
4
What is the tens digit of 918?
1
What is the hundreds digit of 920?
9
What is the tens digit of 1435?
3
What is the hundreds digit of 3545?
5
What is the hundreds digit of 78858?
8
What is the units digit of 117107?
7
What is the thousands digit of 1191?
1
What is the hundreds digit of 11005?
0
What is the hundreds digit of 10761?
7
What is the tens digit of 4754?
5
What is the tens digit of 1050?
5
What is the units digit of 25691?
1
What is the hundreds digit of 5294?
2
What is the thousands digit of 54170?
4
What is the hundreds digit of 25791?
7
What is the thousands digit of 8068?
8
What is the units digit of 9468?
8
What is the hundreds digit of 21095?
0
What is the hundreds digit of 745?
7
What is the thousands digit of 10086?
0
What is the units digit of 63?
3
What is the tens digit of 156?
5
What is the hundreds digit of 3876?
8
What is the tens digit of 7897?
9
What is the ten thousands digit of 26986?
2
What is the tens digit of 4402?
0
What is the tens digit of 3170?
7
What is the ten thousands digit of 53610?
5
What is the units digit of 977?
7
What is the thousands digit of 2913?
2
What is the tens digit of 35734?
3
What is the units digit of 7347?
7
What is the units digit of 2250?
0
What is the ten thousands digit of 11754?
1
What is the hundreds digit of 436?
4
What is the thousands digit of 3494?
3
What is the units digit of 5009?
9
What is the hundreds digit of 7099?
0
What is the hundreds digit of 26651?
6
What is the units digit of 744?
4
What is the hundreds digit of 408?
4
What is the hundreds digit of 398?
3
What is the units digit of 15585?
5
What is the hundreds digit of 1155?
1
What is the tens digit of 107084?
8
What is the tens digit of 53688?
8
What is the units digit of 4921?
1
What is the hundreds digit of 13010?
0
What is the units digit of 2072?
2
What is the ten thousands digit of 42165?
4
What is the tens digit of 70082?
8
What is the hundreds digit of 52203?
2
What is the thousands digit of 1774?
1
What is the hundreds digit of 256?
2
What is the units digit of 411?
1
What is the hundreds digit of 717?
7
What is the hundreds digit of 1100?
1
What is the tens digit of 1234?
3
What is the ten thousands digit of 34463?
3
What is the thousands digit of 1906?
1
What is the thousands digit of 2373?
2
What is the thousands digit of 4457?
4
What is the tens digit of 1147?
4
What is the ten thousands digit of 61870?
6
What is the tens digit of 3973?
7
What is the units digit of 4052?
2
What is the tens digit of 907?
0
What is the units digit of 5055?
5
What is the hundreds digit of 37170?
1
What is the tens digit of 628?
2
What is the thousands digit of 22773?
2
What is the thousands digit of 6719?
6
What is the hundreds digit of 283?
2
What is the units digit of 22331?
1
What is the units digit of 154692?
2
What is the tens digit of 8774?
7
What is the hundreds digit of 861?
8
What is the thousands digit of 11598?
1
What is the units digit of 29917?
7
What is the ten thousands digit of 11354?
1
What is the tens digit of 476?
7
What is the hundreds digit of 767?
7
What is the hundreds digit of 63783?
7
What is the tens digit of 69?
6
What is the units digit of 11798?
8
What is the hundreds digit of 74770?
7
What is the units digit of 781?
1
What is the ten thousands digit of 35855?
3
What is the ten thousands digit of 21610?
2
What is the hundreds digit of 29422?
4
What is the units digit of 15737?
7
What is the hundreds digit of 2639?
6
What is the ten thousands digit of 42059?
4
What is the units digit of 86446?
6
What is the units digit of 1331?
1
What is the thousands digit of 2463?
2
What is the ten thousands digit of 30033?
3
What is the thousands digit of 30420?
0
What is the hundreds digit of 21816?
8
What is the hundreds digit of 2654?
6
What is the hundred thousands digit of 154402?
1
What is the hundreds digit of 254?
2
What is the hundreds digit of 285?
2